 k(m) = -m**3 - 7*m**2 + 14*m - 13. What is k(b)?
23
Let j = -13206 + 13219. Let o(s) = 2 - 1 + 4 + 2 - s. Give o(j).
-6
Suppose -7*u = -17*u + 670. Let o = u + -66. Let a(f) = -3*f**2 - 2*f + 1. Calculate a(o).
-4
Let a(i) = 1256*i + 1262*i - 3 + 1256*i + 1252*i - 5025*i. Let g = 23 + -41. Let y be (g/4)/((-2)/4). Determine a(y).
6
Let x(s) = -2*s**3 + 9*s**2 - 13*s + 37. Let q(i) = -i**3 - 39*i**2 + 84*i + 86. Let f be q(-41). Give x(f).
1
Suppose -4 - 11 = -5*z. Suppose -2*p = 3*i - 18, -2*i + 3 = z*p - 9. Let a(w) = 6 - 4 + 5*w - i*w. Calculate a(3).
-1
Let p(y) = y**3 + y**2 - 2*y + 1. Let b be p(-2). Let a = -238 + 241. Let l(o) = -6*o**a + 4*o**2 - o + 2*o**2 - 9*o**2 + 5*o**2. What is l(b)?
-5
Let i(m) = -11*m + 23*m**2 + 6*m + m - 57*m**2 - m**3 - 63 + 20*m**2. Determine i(-14).
-7
Let n(x) = -5*x**2 + 59*x + 18. Let y be n(12). Let f(v) = -14*v**2 - 18*v - 49. Let q(t) = 5*t**2 + 6*t + 16. Let r(b) = y*f(b) + 17*q(b). Calculate r(9).
5
Let p(y) be the second derivative of y**4/12 - y**3 - 16*y**2 + 626*y. Determine p(9).
-5
Let r(m) be the first derivative of -4*m**3/3 + 9*m**2/2 - 8*m + 1506. What is r(2)?
-6
Let l(v) = 14*v**3 + 6*v**2 + 3*v - 2. Let k(a) = -87*a - 1. Let s be k(0). What is l(s)?
-13
Let p(s) = 6 + 123*s**3 - s**2 + 5*s - 3*s - 118*s**3 - 8. Give p(1).
4
Let i(t) be the first derivative of 9*t**2 + 3*t - 434. Give i(1).
21
Let b = -6 + 15. Let u(f) = -f + 14. Let k be u(19). Let t be (-1)/15*k*b. Let g(z) = -7*z - 3. Give g(t).
-24
Let l(z) = z**3 - 15*z**2 - 11*z - 28. Let v = 2639 - 2623. Give l(v).
52
Suppose 37*p - 24 = 36*p. Suppose -41*l = -35*l - p. Let h(k) = k**2 - k + 3. Calculate h(l).
15
Let o(t) = t - 32. Suppose -24*k + 28*k - 36 = 0. Calculate o(k).
-23
Let c(y) = 6*y + 4. Suppose -6 = -2*a - 6*n - 0, -3*a - 5*n + 13 = 0. Calculate c(a).
40
Let l(j) = -j**3 - 16*j**2 - 17*j - 28. Let q be l(-15). Let g(k) = -8*k + 0*k + k + 9*k + 2 + k**2 - 7*k. Calculate g(q).
-4
Let d(g) = -2*g + 56. Let i be d(21). Let w be 2 + ((-740)/(-140) - 4/i). Let j(h) = -h**3 + 6*h**2 + 9*h - 4. Calculate j(w).
10
Let c = -22057 + 22104. Let w(r) be the first derivative of 2*r + c - 1/2*r**2. Give w(-3).
5
Suppose -8*y = -16*y + 32. Let p be (-1 + 0)*y/1 - 2. Let i(b) = -b**3 - 5*b**2 + 5*b - 1. Determine i(p).
5
Let z(d) = 3*d**2 + 2*d + 5. Let f(i) = i**2 - 2*i + 2. Let c(n) = -2*f(n) + z(n). Let o be (1 + (-2)/3)/((-47)/564). Give c(o).
-7
Let k(y) = 2*y**2 + 18*y + 14. Let v be k(-8). Let j(r) = -r**2 - 2*r - 2. Let z(o) = -3*o**2 - 14*o - 22. Let x(p) = v*j(p) + z(p). What is x(-8)?
-2
Let c(v) = -9*v - 148. Let r be (4676/(-147))/2 - 5/(-420)*-8. Determine c(r).
-4
Let z = -215 + -7. Let p = -127 - z. Let t(s) = 189 - p - 90 - 5*s. Give t(3).
-11
Suppose -19*m = -15 - 4. Let g be (2 - (m - -4))*-2. Let d(l) = l**2 - 6*l - 2. Determine d(g).
-2
Let h(b) = 1338*b**3 + 40*b - 20 + 34*b - 10*b**2 - 1339*b**3. Calculate h(-15).
-5
Let h(o) = -3*o - 2. Let l be (-238)/84 - (-1 + -1) - (-423)/54. What is h(l)?
-23
Let z(x) = 21*x - 34. Let k(m) = -13*m + 34. Let d(y) = 3*k(y) + 2*z(y). What is d(0)?
34
Let z(k) be the second derivative of k**3/6 - 45*k**2/2 + 188*k - 1. Calculate z(0).
-45
Let h(x) = 6*x**2 + 4*x + 33. Let q(j) = -j**2 - j - 6. Let r(o) = 2*h(o) + 11*q(o). Calculate r(4).
4
Let c(n) = -n**3 + 11*n**2 - 14*n + 154. Let o be c(11). Let h(u) = -u + 16. Calculate h(o).
16
Let g(s) = 1 + 0*s**2 - 4*s + 0*s**2 + 2*s**2 + 15 - 9. Give g(4).
23
Let x(w) = -w - 13*w**3 - 3*w**3 - 4*w**3 + 0*w**2 + 2*w**2. Suppose -265*p = -271*p + 6. What is x(p)?
-19
Let g(o) = -o**3 - 6*o**2 + 8*o + 2. Let w = -25410 + 25412. What is g(w)?
-14
Let o(a) be the first derivative of a**3/3 + 5*a**2/2 + 7*a + 3. Let n = 5 + -59. Let q = n + 49. Calculate o(q).
7
Let w(r) = r**3 - 5*r**2 + r + 1. Let a = -3 + 6. Suppose b = -2*m + 8, 0 = 4*m + 3*b - 17 + a. Determine w(m).
6
Let w = -3693 - -3633. Let z(l) = -l**2 - 61*l - 48. Determine z(w).
12
Let n(r) = 5*r**2 + 3*r + 8. Let y(b) = -4*b + 59 - 12*b**2 + 71 - 146. Let h(v) = -5*n(v) - 2*y(v). What is h(-5)?
2
Suppose c - 259*p = -254*p + 31, -c - 4*p = 23. Let b(a) = 16*a - 1. What is b(c)?
15
Suppose 2*z = 9*k - 7*k - 24, 4*z + 21 = -5*k. Let m be ((-1)/2)/(z/90). Let c(t) = -t**2 - t + 8*t - 7 - 3*t + 4*t. Calculate c(m).
8
Let x(m) = -m**3 - 12*m**2 + 12*m - 11. Let f be 41/(-246) + (-82)/12 + -6. Calculate x(f).
2
Let q(f) = f**3 - 3*f**2 - 4*f + 4. Suppose 5*o - 69 = 6. Let i be -10*((-3)/o - 0). Suppose -i*w - 3*v = -v + 2, 5*w + 4*v = 0. Give q(w).
4
Let u = -34 - -36. Let w(c) = -7*c + 14. Let f(q) = -15*q + 25. Let i(g) = -4*f(g) + 7*w(g). What is i(u)?
20
Let z = 124 + -105. Suppose 21 = 2*h + z. Let t(w) = 9*w**2 + 1. Calculate t(h).
10
Suppose -z = -2*u - 8, -4*u + 12 - 4 = 0. Suppose -5*f + 119 = z*f. Let w(a) = a**2 - 11*a + 6. Calculate w(f).
-22
Let v(b) be the third derivative of b**6/60 + b**5/6 - b**4/24 - b**3/2 - 1302*b**2. Calculate v(-5).
2
Let d(m) = -3*m + 27. Let k(x) = 2*x - 27. Let s(z) = -6*d(z) - 7*k(z). Let l be s(-6). Let g(v) = 0*v**3 - 3 - 2*v**l + 4 + v**3. What is g(-1)?
2
Let m(p) be the first derivative of -49*p**2/2 - 5*p + 2860. What is m(1)?
-54
Let q be 5*9/(-12)*(-352)/(-220). Let n(f) = -f**2 - 7*f - 35. Determine n(q).
-29
Let w(a) be the second derivative of -a**5/20 + a**4/6 + a**3/3 - 3*a**2/2 + 22*a. Let l = 143 - 139. Calculate w(l).
-27
Let g(p) = 86 - 35 - 44 - 2 + p - p**2. Determine g(3).
-1
Suppose 377*m + 2278 = 511*m. Let t(v) = -v**2 + 19*v - 33. What is t(m)?
1
Let l(r) = 7*r - 8*r**3 + 14 + 372*r**2 - 364*r**2 + 7*r**3. What is l(9)?
-4
Let v(c) be the second derivative of -c**4/8 + 3*c**3/2 + 26*c**2 + 123*c. Let h(i) be the first derivative of v(i). Determine h(5).
-6
Let k(x) = 6*x**2 - 21*x + 112. Let t(l) = -11*l**2 + 41*l - 208. Let g(v) = -9*k(v) - 5*t(v). Calculate g(11).
-23
Let v(h) = 133*h**3 + 24*h**2 - 19*h - 36. Let a(q) = -83*q**3 - 16*q**2 + 13*q + 24. Let b(w) = -8*a(w) - 5*v(w). Calculate b(7).
-26
Let t(s) = -3*s**2 + 25*s + 1. Let v be t(8). Let f(j) = -3*j + v*j - 113*j**3 + 112*j**3 - 4 + 2*j**2. Give f(4).
-12
Let j(d) = -3*d**2 - 46*d + 30. Suppose -y + 8 = 477*u - 473*u, -4*u = -24. What is j(y)?
-2
Let r(d) = -d**3 - 6*d**2 - 4*d - 1. Let q be -1 - (-650)/(-6) - 14/(-42). Let k = -91 - q. Suppose 5*l + 2 = -8, 4*a + l = -k. Determine r(a).
-17
Let f(r) be the first derivative of -5*r**2/2 + 29*r + 2944. What is f(4)?
9
Let s be 18/(-27)*27/(-6). Let h(x) = s - 251*x - 246*x + 496*x. What is h(0)?
3
Let c(p) be the second derivative of p**4/12 - 14*p**3/3 + 10*p**2 + p + 1009. Calculate c(27).
-7
Let q(f) = f**2 - 2*f + 1. Let t(v) = -7*v**2 - 69*v - 134. Let k be t(-7). Give q(k).
25
Let s(v) = -v**2 - 129*v - 3045. Let t be s(-98). Let g = 0 - -2. Let k(l) = l - 5*l**g - 3*l**2 - 7*l - l**3 + 1. Determine k(t).
-6
Let n(d) = 15*d - 55. Suppose -14*f + 1695 - 1639 = 0. What is n(f)?
5
Let w(u) = u**3 - 10*u**2 + 6*u - 12. Suppose -21*o + 12*o - 72 = -17*o. Give w(o).
-39
Let z(c) = -25*c + 42. Let x(k) = -k**2 + 56*k + 514. Let w be x(-8). What is z(w)?
-8
Let p(w) = -w - 39. Suppose 371*y = 402*y + 1054. Determine p(y).
-5
Let y(k) = -2*k + 1. Let q(b) be the first derivative of 21*b**2/2 - 7*b + 60. Let j(m) = -q(m) - 6*y(m). Determine j(1).
-8
Let x(n) = -3*n - 2. Let l(s) = 20*s - 3. Let t(y) = 14*y - 2. Let f(b) = -5*l(b) + 7*t(b). Let k(v) = f(v) - x(v). What is k(-3)?
0
Let u(g) = 10*g**2 + 4*g**2 + 3*g**2 + 8*g**2 - 12 - 20*g**2 + 7*g. Give u(-4).
40
Let b(c) = -c**3 + 8*c**2 + 8. Let n(k) be the first derivative of k**3/3 - k**2/2 + 105. Let r(y) = b(y) - 3*n(y). What is r(6)?
-10
Let u be (-143)/(-4) - (-6)/24. Suppose -32*g - 52652 = -u*g. Let p(n) = n**2 + g*n + 1 - 13162*n - 1. What is p(-5)?
20
Let g = -7281 + 7290. Let z(y) = y**2 - 5*y - 37. Give z(g).
-1
Let a(d) = d - 16. Let h(r) be the first derivative of -r**2/2 + 8*r + 40. Let b be h(8). Calculate a(b).
-16
Let i(w) = -2*w**3 + 23*w**2 + 21*w + 43. Let q(c) = -c**3 + 10*c**2 + 9*c + 18. Let l(d) = 2*i(d) - 5*q(d). Determine l(6).
50
Let r(m) = -93*m + 9. Let z(n) = -140*n + 9. Let t(g) = -3*r(g) + 2*z(g). Suppose 0*h + 10 = -2*h. Give t(h).
-4
Let r(c) = c - 5. Let z = 45 - -50. Let s = 101 - z. Let x be 1 + s/2 + 1. What i